uppose -n = -m - m. List the prime factors of m.
2
Let s = 115 - 38. List the prime factors of s.
7, 11
Let c(f) = -f. Let o(i) = i**2 + i + 3. Let v(w) = -2*c(w) + o(w). Suppose 0 = 5*x - 8 + 33. What are the prime factors of v(x)?
13
Suppose 5*q + 4*t - 15 = 0, -t + 3 = q + 4*t. Suppose -5*h = q*x - 12 + 39, -5*x - 45 = -5*h. Let v = x + 15. List the prime factors of v.
2, 3
Let i = -52 - -137. What are the prime factors of i?
5, 17
Let j be (-1)/(-2*3/24). Suppose 31 = j*m - 5*f, -5*m = 3*f - 10 - 1. Suppose 0 = -4*x + 68 + m. List the prime factors of x.
2, 3
What are the prime factors of (87/(-6))/((-2)/8)?
2, 29
Suppose 4*s + 2 = -4*h + 10, -2*h - 3 = -5*s. What are the prime factors of 2*s*(-1 - -2)?
2
Let b(k) = -4*k - 4. Let j(u) = -5*u - 5. Let g(a) = -4*b(a) + 3*j(a). List the prime factors of g(3).
2
Let c = -6 + 8. Suppose 0 = 4*t + 3*b - 53, 3 = -b + c*b. Let j = 4 + t. What are the prime factors of j?
3, 5
Suppose 2*p + 8 = 3*d + p, 4*d = 4*p + 24. What are the prime factors of d*(10 - (1 + -2))?
11
Let s = 29 + -16. Let o = -15 + 16. Suppose s = p - o. List the prime factors of p.
2, 7
Let z(q) = -q**3 - 11*q**2 - 11*q + 5. Suppose 0 = -3*w - 5*y - 15, -5 = 2*w + 5*y - 0. List the prime factors of z(w).
3, 5
Let f be (-4)/6 - (-2)/3. Suppose f = 5*g, 0 = d + 5*g + 2 - 4. Suppose 0*v - d*v - 14 = -4*p, -5*p = -25. What are the prime factors of v?
3
Let u(z) = 0*z**3 + 3 - 3*z**2 - 5 + 4*z**3 + 3*z - 5*z**3. Let g be u(-4). Suppose -g = s - 5, 5*o - 4*s - 43 = 0. List the prime factors of o.
11
Let v = 10 + -16. Let x be v/(-2*1/2). What are the prime factors of 175/15 + 2/x?
2, 3
What are the prime factors of 12 + -3*(-4 - (-32)/12)?
2
Suppose -48 = -2*i - 4*y, 4*y = 3*i + 3*y - 58. What are the prime factors of i?
2, 5
Let m(x) = -3*x**2 + 8*x - 36. Let d(o) = -2*o**2 + 5*o - 24. Let y(a) = -8*d(a) + 5*m(a). Suppose 0*p - 2*p = 0. What are the prime factors of y(p)?
2, 3
Let t(c) = c**3 - 13*c**2 + 12*c - 8. Let l be t(12). Let d(g) = -g**2 - 8*g + 5. Let h be d(l). Let q = h + -3. What are the prime factors of q?
2
Suppose 5*f = -0*f - 2*t + 632, 5*f + 4*t - 634 = 0. List the prime factors of f.
2, 3, 7
Let t(i) = -i**2 - 3. Let y = 5 + -5. Let m be t(y). List the prime factors of (-1 - -1) + m + 8.
5
Let r(q) = 4*q**2 + q - 2. Let z be r(2). Let i = z - 10. List the prime factors of i.
2, 3
Let h be ((-6)/8)/((-2)/(-48)). Let g = h - -29. What are the prime factors of g?
11
Suppose 0*t + 4*t - 180 = 0. Let n = t - 6. Suppose -n + 149 = 5*p. List the prime factors of p.
2, 11
Suppose 0*i = 2*i + 4. Let u be (-2 - i)*(-4 - -3). Suppose -54 = -u*y - 4*y - 2*o, 3*y - 24 = 4*o. List the prime factors of y.
2, 3
Let c = 10 - 7. Let r be 1 + 6/(-2) + 0. What are the prime factors of (11/r)/(c/(-6))?
11
Let s be 0 + 2 - (-1 + 1). Suppose -s*z + 54 = -z. Suppose g + 14 = j, -g = 5*j - 2*g - z. List the prime factors of j.
2, 5
Let d be (8/10)/(4/20). Suppose -5*z - d = -3*z. Let a(w) = -2*w**3 - 2*w**2 + 2*w + 2. What are the prime factors of a(z)?
2, 3
What are the prime factors of (-30)/105 - 2/(-7) - -240?
2, 3, 5
Let b(m) = -m**3 - 7*m**2 - 6*m + 4. Let a be b(-6). Suppose -a*u + 0*u + 20 = 0. List the prime factors of u.
5
Let d = -3 - -2. Let j = 4 + d. What are the prime factors of j?
3
Let j = 146 + -104. List the prime factors of j.
2, 3, 7
Suppose 2*k = -0*k - 8. Let n = -4 - -10. Let p = n + k. What are the prime factors of p?
2
Suppose 4*m + 0*g - g - 26 = 0, 4*m - 14 = -5*g. What are the prime factors of m?
2, 3
Let t(x) = x**2 + 26. What are the prime factors of t(0)?
2, 13
Suppose -l = -92 - 116. What are the prime factors of l?
2, 13
Suppose -2*b = -3*b + 16. Suppose h + b = 2*h. List the prime factors of h.
2
Let y(n) = -n + 3*n**2 - 2*n + 5*n + 0*n. What are the prime factors of y(-2)?
2
Suppose -6*u + 265 + 485 = 0. What are the prime factors of u?
5
Suppose 2 + 1 = -a, a + 241 = m. List the prime factors of m.
2, 7, 17
What are the prime factors of -31*2/(-3) - (-4)/(-6)?
2, 5
Let l = 20 - 14. What are the prime factors of l?
2, 3
Let u = -4 + 7. Suppose -2*b + 1 = 4*p - 5*b, 3*b = u*p. Suppose -5*z + 19 = -p. List the prime factors of z.
2
Let q = -6 - -21. List the prime factors of q.
3, 5
Suppose -5*w + 3*w = -6. Suppose -145 = -2*z - w*z. List the prime factors of z.
29
Suppose -q - 4*l + 1 = -6*q, -2*q = 4*l - 22. Suppose r + 70 = q*r. Suppose -r + 7 = -4*i. List the prime factors of i.
7
Suppose -4*n + 5*n - 17 = 0. What are the prime factors of n?
17
Let x(t) = -2*t + 10. Let d be x(9). Let v = -5 - d. What are the prime factors of (-2 + (-14)/(-2))*v?
3, 5
Suppose 60 = 5*k + 5*s, -4*k + 7*s + 30 = 2*s. Let f = -17 - -11. Let j = k + f. List the prime factors of j.
2
Suppose -3*c + 3*a - 12 = 0, 0 = -4*c - 5*a + 2*a - 9. List the prime factors of 40/(6/3) - c.
23
Suppose -49 = 2*c + 191. List the prime factors of (1/2)/((-6)/c).
2, 5
Let w = -7 + 11. Suppose w*b - 16 = -0*b. Suppose -30 = -b*z + z. List the prime factors of z.
2, 5
Let o = -3 + 12. Suppose o*b = 5*b + 100. What are the prime factors of b?
5
Let h = -3 + 1. Let a(w) = w**2. List the prime factors of a(h).
2
Suppose -4*w + 10 = 2*u, w - 6*w - 20 = 0. What are the prime factors of u?
13
Suppose -5*h + 2*x = -787, h - 4*h = -x - 472. What are the prime factors of h?
157
Suppose 1 = -c + 2. List the prime factors of ((-22)/(-4))/(c/6).
3, 11
Suppose 4*w - 2*t = -0*w + 628, t + 628 = 4*w. What are the prime factors of w?
157
Let u(g) = -g**3 - 2*g**2 + 7*g + 5. Let n = 7 - 14. Let j(h) = -h - 11. Let r be j(n). What are the prime factors of u(r)?
3
Let v(t) be the third derivative of t**4/24 + t**3/6 - t**2. Let j = -15 + 19. What are the prime factors of v(j)?
5
Suppose 3*n = -n + 12. Let v(x) = -4 + n*x + 2*x - 7*x. List the prime factors of v(-6).
2
Let h(f) = f**2 - 7*f + 7. What are the prime factors of h(12)?
67
Suppose 5*s + 12 = -8. Let x = 6 + s. List the prime factors of x.
2
Let h = 82 + -55. What are the prime factors of h?
3
Suppose 0*l = -3*l - 4*k, 2*k - 6 = -3*l. What are the prime factors of 4 - (-2)/l*0?
2
Suppose 2*j - 115 - 47 = -4*r, 0 = 4*j + 20. Suppose -5*v + 12 + r = 0. What are the prime factors of v?
11
Let i(j) = j**3 + 6*j**2 - 9*j + 2. Let a be i(-7). Let p = 4 - 1. Suppose a = p*x - x. List the prime factors of x.
2
Let i = -26 + 39. Suppose -2*v + 2 - 5 = -w, -5*w = -v + 12. Let f = i + w. What are the prime factors of f?
2, 5
Let r(x) = -34*x - 1. Let z be r(4). Let y = -76 - z. Suppose 21 = -4*u + y. List the prime factors of u.
2, 5
Let c(b) = -8*b + 3. Suppose 4*n - 3*n + 4 = 0. List the prime factors of c(n).
5, 7
Let m = 90 + -62. Let w = 57 - m. What are the prime factors of w?
29
Suppose 5*g - 3 = 7. Suppose 0*u - g*u + 56 = 0. List the prime factors of u.
2, 7
Suppose -18 = -2*q - 2*o, 5*q + 5*o - o = 41. List the prime factors of (2 - 3)/(q/(-65)).
13
Let v = -16 + 13. Suppose -3*b + 16 = 43. Let o = v - b. List the prime factors of o.
2, 3
List the prime factors of ((-7)/(-2))/(19/38).
7
Suppose -2*m + 4*z = -192, 3*z - 83 = 3*m - 386. What are the prime factors of m?
2, 53
Suppose 3*y + 5 = y + 3*w, -16 = 3*y + 4*w. Let v(n) be the third derivative of -n**6/120 - n**5/20 + n**4/8 - n**3/3 + n**2. List the prime factors of v(y).
2
Let i(w) = w + 3*w - 3*w + 3*w. What are the prime factors of i(2)?
2
Let n(h) = -h + 1 - 2*h + 1. Let b be n(2). Let i(s) = -3*s - 3. List the prime factors of i(b).
3
Let w be ((-60)/8)/((-1)/2). Suppose v = -3*q - w + 61, 5*v = -3*q + 38. List the prime factors of q.
2
Let d(f) be the third derivative of f**5/60 - f**4/12 + f**3/3 + f**2. What are the prime factors of d(-3)?
17
Let q(w) = -w**3 - 12*w**2 - 17*w - 1. List the prime factors of q(-11).
5, 13
Let h(q) = 3*q**2 + q. What are the prime factors of h(4)?
2, 13
Let j(k) be the third derivative of -k**6/120 + 7*k**5/60 - k**4/8 - k**3/3 - 3*k**2. List the prime factors of j(6).
2
Suppose 0 = c - 19 - 94. List the prime factors of c.
113
Suppose -71 = -u - 8. Suppose -d + 12 = h, -3*h = 2*h + 4*d - u. List the prime factors of h.
3, 5
List the prime factors of 281/9 - 6/27.
31
Let k(w) = w**2 + 2*w + 2. Let v be k(-3). Suppose 0 = v*i - 64 - 81. Let y = i + -17. What are the prime factors of y?
2, 3
Let l = 73 + -3